{"id":403,"date":"2022-10-29T12:00:00","date_gmt":"2022-10-29T12:00:00","guid":{"rendered":"https:\/\/cix.cs.uni-saarland.de\/?page_id=403"},"modified":"2022-10-29T12:00:00","modified_gmt":"2022-10-29T12:00:00","slug":"auit-the-adaptive-user-interfaces-toolkit-for-designing-xr-applications","status":"publish","type":"page","link":"https:\/\/cix.cs.uni-saarland.de\/?page_id=403","title":{"rendered":"AUIT \u2013 the Adaptive User Interfaces Toolkit for Designing XR Applications"},"content":{"rendered":"<p><div class=\"tp_single_publication\"><span class=\"tp_single_author\">Jo\u00e3o Marcelo Evangelista Belo, Mathias N Lystb\u00e6k, Anna Maria Feit, Ken Pfeuffer, Peter K\u00e1n, Antti Oulasvirta, Kaj Gr\u00f8nb\u00e6k: <\/span> <span class=\"tp_single_title\">AUIT \u2013 the Adaptive User Interfaces Toolkit for Designing XR Applications<\/span>. <span class=\"tp_single_additional\"><span class=\"tp_pub_additional_in\">In: <\/span><span class=\"tp_pub_additional_booktitle\">Proceedings of the 35th Annual ACM Symposium on User Interface Software and Technology, UIST'22, <\/span><span class=\"tp_pub_additional_year\">2022<\/span>.<\/span><\/div><!--more--><\/p>\n<h2 class=\"tp_abstract\">Abstract<\/h2><p class=\"tp_abstract\">Adaptive user interfaces can improve experiences in Extended Reality (XR) applications by adapting interface elements according to the user's context. Although extensive work explores different adaptation policies, XR creators often struggle with their implementation, which involves laborious manual scripting. The few available tools are underdeveloped for realistic XR settings where it is often necessary to consider conflicting aspects that affect an adaptation. We fill this gap by presenting AUIT, a toolkit that facilitates the design of optimization-based adaptation policies. AUIT allows creators to flexibly combine policies that address common objectives in XR applications, such as element reachability, visibility, and consistency. Instead of using rules or scripts, specifying adaptation policies via adaptation objectives simplifies the design process and enables creative exploration of adaptations. After creators decide which adaptation objectives to use, a multi-objective solver finds appropriate adaptations in real-time. A study showed that AUIT allowed creators of XR applications to quickly and easily create high-quality adaptations.<\/p>\n<h2 class=\"tp_links\">Links<\/h2><p class=\"tp_abstract\"><ul class=\"tp_pub_list\"><li><i class=\"fas fa-globe\"><\/i><a class=\"tp_pub_list\" href=\"https:\/\/dl.acm.org\/doi\/fullHtml\/10.1145\/3526113.3545651\" title=\"https:\/\/dl.acm.org\/doi\/fullHtml\/10.1145\/3526113.3545651\" target=\"_blank\">https:\/\/dl.acm.org\/doi\/fullHtml\/10.1145\/3526113.3545651<\/a><\/li><li><i class=\"fab fa-github\"><\/i><a class=\"tp_pub_list\" href=\"https:\/\/github.com\/joaobelo92\/auit\" title=\"https:\/\/github.com\/joaobelo92\/auit\" target=\"_blank\">https:\/\/github.com\/joaobelo92\/auit<\/a><\/li><li><i class=\"ai ai-doi\"><\/i><a class=\"tp_pub_list\" href=\"https:\/\/dx.doi.org\/https:\/\/doi.org\/10.1145\/3526113.3545651\" title=\"Follow DOI:https:\/\/doi.org\/10.1145\/3526113.3545651\" target=\"_blank\">doi:https:\/\/doi.org\/10.1145\/3526113.3545651<\/a><\/li><\/ul><\/p>\n<h2 class=\"tp_bibtex\">BibTeX (<a href=\"https:\/\/cix.cs.uni-saarland.de?feed=tp_pub_bibtex&amp;key=belo22\">Download<\/a>)<\/h2><pre class=\"tp_bibtex\">@inproceedings{belo22,\r\ntitle = {AUIT \u2013 the Adaptive User Interfaces Toolkit for Designing XR Applications},\r\nauthor = {Jo\u00e3o Marcelo Evangelista Belo, Mathias N Lystb\u00e6k, Anna Maria Feit, Ken Pfeuffer, Peter K\u00e1n, Antti Oulasvirta, Kaj Gr\u00f8nb\u00e6k},\r\nurl = {https:\/\/dl.acm.org\/doi\/fullHtml\/10.1145\/3526113.3545651\r\nhttps:\/\/github.com\/joaobelo92\/auit},\r\ndoi = {https:\/\/doi.org\/10.1145\/3526113.3545651},\r\nyear  = {2022},\r\ndate = {2022-10-29},\r\nurldate = {2022-10-29},\r\nbooktitle = {Proceedings of the 35th Annual ACM Symposium on User Interface Software and Technology, UIST'22},\r\nabstract = {Adaptive user interfaces can improve experiences in Extended Reality (XR) applications by adapting interface elements according to the user's context. Although extensive work explores different adaptation policies, XR creators often struggle with their implementation, which involves laborious manual scripting. The few available tools are underdeveloped for realistic XR settings where it is often necessary to consider conflicting aspects that affect an adaptation. We fill this gap by presenting AUIT, a toolkit that facilitates the design of optimization-based adaptation policies. AUIT allows creators to flexibly combine policies that address common objectives in XR applications, such as element reachability, visibility, and consistency. Instead of using rules or scripts, specifying adaptation policies via adaptation objectives simplifies the design process and enables creative exploration of adaptations. After creators decide which adaptation objectives to use, a multi-objective solver finds appropriate adaptations in real-time. A study showed that AUIT allowed creators of XR applications to quickly and easily create high-quality adaptations.},\r\nkeywords = {},\r\npubstate = {published},\r\ntppubtype = {inproceedings}\r\n}\r\n<\/pre>\n","protected":false},"excerpt":{"rendered":"","protected":false},"author":3,"featured_media":0,"parent":0,"menu_order":0,"comment_status":"closed","ping_status":"closed","template":"","meta":{"footnotes":""},"_links":{"self":[{"href":"https:\/\/cix.cs.uni-saarland.de\/index.php?rest_route=\/wp\/v2\/pages\/403"}],"collection":[{"href":"https:\/\/cix.cs.uni-saarland.de\/index.php?rest_route=\/wp\/v2\/pages"}],"about":[{"href":"https:\/\/cix.cs.uni-saarland.de\/index.php?rest_route=\/wp\/v2\/types\/page"}],"author":[{"embeddable":true,"href":"https:\/\/cix.cs.uni-saarland.de\/index.php?rest_route=\/wp\/v2\/users\/3"}],"replies":[{"embeddable":true,"href":"https:\/\/cix.cs.uni-saarland.de\/index.php?rest_route=%2Fwp%2Fv2%2Fcomments&post=403"}],"version-history":[{"count":0,"href":"https:\/\/cix.cs.uni-saarland.de\/index.php?rest_route=\/wp\/v2\/pages\/403\/revisions"}],"wp:attachment":[{"href":"https:\/\/cix.cs.uni-saarland.de\/index.php?rest_route=%2Fwp%2Fv2%2Fmedia&parent=403"}],"curies":[{"name":"wp","href":"https:\/\/api.w.org\/{rel}","templated":true}]}}